+ 430443. Give z(-682).
101
Let t(p) = p**2 + 78*p + 570. Calculate t(-13).
-275
Let y(x) = -x**2 + 701*x + 48956. Calculate y(-64).
-4
Let k(w) = 1257*w + 23057. What is k(-18)?
431
Let d(c) = -58751*c + 2526273. Determine d(43).
-20
Let z(y) = -22156*y + 44293. Calculate z(2).
-19
Let h(g) = 715*g - 6997. Calculate h(7).
-1992
Let w(x) = 3*x**3 + 45*x**2 - 72*x - 656. Calculate w(-18).
-2276
Let z(v) = 2*v**2 + 349*v - 723. Calculate z(-176).
-195
Let l(a) = 278*a**3 - 10*a**2 - 308*a + 623. Determine l(2).
2191
Let c(v) = v**2 + 21467*v + 128794. Calculate c(-6).
28
Let f(a) = -a**3 + 1165*a**2 + 8176*a - 199. Give f(-7).
-3
Let x(t) = -2*t**3 + 81*t**2 - 897*t + 9552. Determine x(31).
4
Let x(j) = 5*j**2 - 594*j - 7. What is x(0)?
-7
Let z(o) = -o**2 - 227*o - 5037. Calculate z(-23).
-345
Let d(n) = 13911*n - 542441. Determine d(39).
88
Let j(m) = -967*m - 301781. Determine j(-312).
-77
Let y(s) = -2*s**3 - 17*s**2 - 9*s + 4. What is y(-9)?
166
Let y(l) = -l**3 + 154*l**2 + 220*l - 757. Determine y(-3).
-4
Let t(l) = -9134*l + 310475. Calculate t(34).
-81
Let l(r) = -324*r + 12084. Give l(32).
1716
Let v(b) = -b**2 - 229*b - 4566. Give v(-22).
-12
Let p(c) = -c**3 + 341*c**2 - 9336*c + 1872. Determine p(311).
6
Let l(r) = r**3 + 36*r**2 + 37*r + 720. What is l(-36)?
-612
Let b(l) = 12*l**2 + 11294*l - 11298. Calculate b(1).
8
Let a(b) = 176*b + 2765. Determine a(-16).
-51
Let s(t) = 344*t**2 - 4154*t + 281. Give s(12).
-31
Let g(r) = -23294*r - 2911757. Calculate g(-125).
-7
Let s(l) = 1780*l + 170873. Calculate s(-96).
-7
Let h(n) = -368*n**2 - 2182*n + 148. Calculate h(-6).
-8
Let t(s) = -221127*s + 1326766. Determine t(6).
4
Let q(l) = -43*l**3 + 19607*l**2 + 458*l - 954. Calculate q(456).
-42
Let a(m) = -20*m**3 + 18*m**2 - 24*m - 98. Give a(-2).
182
Let n(b) = -45780*b - 457734. Calculate n(-10).
66
Let i(q) = -413*q - 97852. Determine i(-238).
442
Let t(l) = 14*l**2 + 119*l + 528. Calculate t(-5).
283
Let m(f) = 39926*f + 3234014. Determine m(-81).
8
Let d(o) = -1414*o + 250283. Give d(177).
5
Let i(p) = -51*p**2 - 668*p + 5075. What is i(8)?
-3533
Let k(n) = -2*n**2 - 134808*n - 1752233. Determine k(-13).
-67
Let c(y) = 259894*y - 6237458. Determine c(24).
-2
Let l(h) = -11514*h - 115184. Give l(-10).
-44
Let y(n) = 8*n**3 - 2423*n**2 - 304*n + 261. What is y(303)?
-42
Let n(s) = -4932*s - 626351. Give n(-127).
13
Let i(r) = 90294*r - 1444717. What is i(16)?
-13
Let z(x) = 2*x**3 - 52*x**2 - 10*x - 58. Determine z(26).
-318
Let a(x) = 1694800*x - 10168818. What is a(6)?
-18
Let w(v) = 4*v**3 + 1043*v**2 - 32657*v + 36. Give w(-289).
36
Let s(k) = -6*k**3 - 109*k**2 - 129*k + 22. Determine s(-9).
-3272
Let q(a) = -1963223*a + 27485141. Calculate q(14).
19
Let b(y) = -3*y**2 + 694*y + 9519. Calculate b(-13).
-10
Let x(f) = -2*f**2 - 781*f + 7316. Give x(9).
125
Let z(h) = 246492*h - 95392406. Give z(387).
-2
Let j(a) = -1159*a + 33683. Determine j(29).
72
Let y(u) = -u**3 + 5*u**2 + 78*u - 821. Give y(10).
-541
Let u(g) = g**3 - 7*g**2 + 22*g - 17. Calculate u(5).
43
Let w(d) = -72*d**2 - 5915*d + 5914. Calculate w(1).
-73
Let c(p) = -38577*p + 192929. What is c(5)?
44
Let b(i) = i**2 - 569*i - 9. Give b(0).
-9
Let x(d) = -214*d + 12556. Give x(63).
-926
Let g(x) = 7*x**2 + 5959*x + 41708. Give g(-7).
338
Let h(d) = 2466*d**3 + 3*d**2 + 14*d - 16. What is h(1)?
2467
Let i(j) = 47*j**2 - 135*j + 14. Calculate i(3).
32
Let v(s) = -125*s - 20926. Determine v(-167).
-51
Let g(j) = 2*j**2 - 393*j + 16826. Determine g(133).
-65
Let y(z) = 43672*z - 174680. Give y(4).
8
Let w(v) = -42*v**2 + 9151*v - 27471. Calculate w(3).
-396
Let m(a) = 11*a**3 - 267*a**2 + 5*a - 160. Give m(24).
-1768
Let s(z) = -2*z**3 - 42*z**2 + 199*z - 157. Determine s(5).
-462
Let g(s) = -3*s**3 - 87*s**2 - 92*s + 550. Determine g(2).
-6
Let s(q) = -2105*q + 16739. What is s(8)?
-101
Let k(p) = 33*p**2 - 1589*p + 192. Calculate k(48).
-48
Let h(m) = 13928*m + 55717. Give h(-4).
5
Let c(d) = -2*d**3 - 51*d**2 - 337*d - 9446. Give c(-26).
-8
Let g(h) = 2201*h - 101263. What is g(46)?
-17
Let k(x) = -x**3 + 6*x**2 + 61*x + 51. Determine k(-6).
117
Let h(c) = -26*c**3 + 206*c + 203. Calculate h(-1).
23
Let f(x) = 193274*x + 3865481. Calculate f(-20).
1
Let c(d) = 2299*d - 9326. What is c(4)?
-130
Let o(y) = -2895*y - 138973. What is o(-48)?
-13
Let s(r) = 1702*r - 360845. What is s(212)?
-21
Let j(a) = -a**3 + 241*a**2 + 20256*a + 1828. Determine j(307).
-14
Let u(l) = -l**3 + 22*l**2 + 598*l + 90. Determine u(39).
-2445
Let m(u) = 255*u + 1344. What is m(4)?
2364
Let s(t) = 114*t**2 - 3192*t + 221. Determine s(28).
221
Let c(o) = 3*o**2 - 823*o + 5701. Calculate c(7).
87
Let w(k) = 85*k**3 + 9*k**2 + 29*k + 9. Give w(-2).
-693
Let a(r) = r**3 - 10*r**2 + 225*r - 1688. What is a(8)?
-16
Let i(d) = 105559*d + 844429. Give i(-8).
-43
Let l(q) = -8*q**3 + 374*q**2 - 3945*q + 19. What is l(16)?
-125
Let u(h) = 15*h**2 + 360*h - 1436. Give u(4).
244
Let k(a) = 25199*a + 2343506. Determine k(-93).
-1
Let f(l) = -29*l**2 + 18*l + 9. What is f(5)?
-626
Let n(o) = -o**2 + 882*o - 20504. Calculate n(26).
1752
Let q(g) = 59*g**3 - 34570*g**2 - 2345*g + 598. Give q(586).
12
Let h(r) = -11976*r + 203684. Determine h(17).
92
Let k(n) = -3*n**2 + 302*n + 298. Give k(-1).
-7
Let r(g) = -g**3 - 17*g**2 + 954*g + 10234. What is r(-10)?
-6
Let z(x) = -1683*x - 30135. Calculate z(-18).
159
Let j(d) = -16*d**3 + 5303*d**2 - 2311*d - 2007. What is j(331)?
-21
Let j(m) = 14*m**3 - 536*m**2 - 1079*m - 14. Give j(-2).
-112
Let h(v) = -v**3 + 75*v**2 + 12634*v - 134. Calculate h(-81).
28
Let x(o) = -o**3 + 53*o**2 + 890*o - 655. Calculate x(-14).
17
Let o(u) = u**3 + 345*u**2 + 334*u - 3423. Determine o(-344).
17
Let a(l) = 1963*l + 5573. Calculate a(-4).
-2279
Let k(y) = 42639*y + 170524. Determine k(-4).
-32
Let f(g) = 2*g**2 + 650*g - 47286. Give f(61).
-194
Let o(p) = -6492*p + 266139. What is o(41)?
-33
Let x(k) = 8*k**2 - 188*k - 67714. Give x(-81).
2
Let w(j) = -12699*j**2 + 55*j - 2. What is w(0)?
-2
Let n(z) = -14*z**2 - 1059*z - 7838. Determine n(-69).
-1421
Let h(c) = -2*c**2 - 233*c + 8037. Calculate h(-152).
-2755
Let u(d) = -d**2 + 2211*d + 742089. Give u(-296).
17
Let f(b) = b**2 - 2877*b - 248661. Give f(-84).
63
Let w(n) = -114654*n - 687899. Determine w(-6).
25
Let i(p) = -23*p**2 - 2279*p + 2280. Give i(1).
-22
Let o(m) = 81613*m + 81614. What is o(-1)?
1
Let i(y) = y**3 - 43*y**2 - 1774*y + 97. Give i(69).
1477
Let g(o) = o**3 - 93*o**2 + 415*o + 6679. What is g(12)?
-5
Let l(c) = -2098*c + 3671. Give l(2).
-525
Let k(b) = 2*b**3 + 4*b**2 - 67*b + 174. Calculate k(0).
174
Let f(x) = -x**2 + 174*x - 7107. Calculate f(73).
266
Let k(o) = 34*o**2 - 4522*o + 45609. What is k(11)?
-19
Let l(h) = 16*h**2 - 9732*h - 274456. Calculate l(-27).
-28
Let l(j) = -j**2 + 28*j + 2598. What is l(-42)?
-342
Let w(d) = 3*d**2 + 127*d - 14560. Calculate w(-94).
10
Let r(i) = 2*i**2 - 6326*i + 106971. What is r(17)?
7
Let a(k) = -37*k**2 + 38400*k - 108667. Calculate a(1035).
8
Let b(c) = 258*c**3 - c**2 - 46*c - 44. Calculate b(-1).
-257
Let y(r) = 3999*r - 67952. What is y(17)?
31
Let n(q) = 15*q**2 - 2703*q + 215. Give n(180).
-325
Let u(y) = -1139*y - 386047. Give u(-339).
74
Let y(s) = 155*s + 19639. What is y(-121)?
884
Let l(t) = -2*t**2 + 1564*t + 19010. Calculate l(-12).
-46
Let b(w) = 7363*w - 2172107. Give b(295).
-22
Let w(v) = 2*v**2 + 48*v - 2446. What is w(24)?
-142
Let t(s) = 43*s**2 + 3137*s + 56933. Give t(-34).
-17
Let c(f) = -286*f + 6071. Calculate c(17).
1209
Let g(k) = k**2 + 955*k + 2866. Give g(-3).
10
Let b(r) = -815*r**3 + 2445*r**2 + r. Give b(3).
3
Let k(h) = 318273*h + 1591383. Calculate k(-5).
18
Let a(r) = -1691*r + 311146. Calculate a(184).
2
Let a(h) = -8*h**3 + 21*h**2 - 36*h + 163. Determine a(3).
28
Let r(t) = -432*t**2 - 56592*t + 17. Give r(-131).
17
Let z(j) = -811*j - 1772. What is z(-3)?
661
Let w(m) = -2*m**2 - 470*m - 25755. Calculate w(-148).
-3
Let t(s) = -s**2 + 222*s + 23017. Give t(-77).
-6
Let o(h) = 183*h**3 - 15*h**2 - 646*h + 646. Determine o(1).
168
Let s(z) = 2*z**2 - 1311*z - 184314. Determine s(-119).
17
Let g(q) = 50095*q - 651174. What is g(13)?
61
Let v(o) = -34*o**2 - 958*o + 5778. What is v(6)?
-1194
Let y(i) = 22*i**3 + 12826*i**